e the second derivative of -p**5/60 - p**4/4 + 2*p**3/3 - 4*p**2 - 2*p. Let l(t) be the first derivative of r(t). Determine l(x).
9
Let h(w) be the third derivative of -w**5/15 + 7*w**4/6 - w**3/6 - 762*w**2. Give h(7).
-1
Let o(d) = d**3 - 8*d**2 - 2*d + 22. Let m be o(8). Let k(z) = -z**2 + 9*z - 9. Let i be k(6). Suppose -i*c = -m*c. Let l(j) = -j + 7. Determine l(c).
7
Let d(j) = j**2 + 5. Let a(v) = -v + 11. Suppose -4*c = -k + 8, 0*k + 5*k = c + 40. Let i be a(k). Let r be 4/(-12) - i/(-9). What is d(r)?
5
Let v(r) = -3*r**3 - 14*r**2 - 16*r + 9. Let n(q) = -q**3 - 2*q**2 - 3*q. Let i(g) = -4*n(g) + v(g). Determine i(6).
-15
Let i be (-26)/(-3) + 4/12*-2. Let l(k) = 4*k**2 - 14*k + 4 + 16*k - i - 5*k**2. Calculate l(3).
-7
Suppose 0 = -608*n + 622*n + 84. Let c(h) = h**2 + 5*h - 6. What is c(n)?
0
Let u(a) = a**2 + 4*a + 4. Let h(d) = -4*d**3 - d**2. Let z(x) = -x**3 + 4*x**2 + x - 3. Let q be z(4). Let o be h(q). Let s = o - -2. What is u(s)?
1
Let p(h) be the first derivative of -h**4/6 + h**3/6 + 33*h**2/2 - 12. Let d(b) be the second derivative of p(b). Determine d(-5).
21
Let l(b) be the third derivative of b**6/120 + 7*b**5/60 + b**4/24 - b**3/2 - b**2. Let v be (-24)/((-480)/140)*-1. Determine l(v).
-10
Let b(z) = z**2 - 9*z + 8. Suppose -2*a + 6 = -2. Let h(k) = 4 + 4 + k + a - 8. Let q be h(3). What is b(q)?
-6
Let k(w) = w + 2. Let c(b) = b**2 - 6*b - 3. Let a be c(7). Suppose 5*r - 23 = -o + 4*o, -12 = -a*r - 4*o. What is k(r)?
6
Let u = -2 + 12. Suppose w = -q + 3, w = 5*w + 2*q - u. Let x(z) = 0*z**2 - z**3 + 0*z - 4*z**w + 2 + 3*z. Give x(-4).
-10
Let s(u) = -u**3 - 6*u**2 - 6. Let n be s(-6). Let k = 122 + -117. Let v(d) = 80 - 79 - k*d + 4*d. Give v(n).
7
Let c(h) = -h**2 + 8*h - 3. Let g(d) = -2*d**2 + 17*d - 7. Let m(b) = 9*c(b) - 4*g(b). Let p = 8 + -3. Let w be 28/p - 20/(-50). Calculate m(w).
-11
Let f(d) = -3*d - 2. Let m(h) = 4*h - 15. Let l(k) = f(k) + m(k). Give l(-15).
-32
Suppose -b + 5*q + 1 = 30, 5*b - 2*q + 76 = 0. Let i(u) = -u**3 - 15*u**2 - 13*u + 19. Give i(b).
5
Let y(g) = -2*g**3 + g. Let x be y(-1). Let n(f) be the first derivative of -2/3*f**3 + 3 + 1/2*f**2 + 3*f**4 + 0*f. Determine n(x).
11
Let p(c) = 6*c + 65. Let n(t) = -2*t - 21. Let j(m) = -11*n(m) - 4*p(m). What is j(-16)?
3
Let l(s) = -2*s**3 + 4*s**2 + s + 2. Let h(t) = t**3 + t**2 - t. Let g(y) = -y**3 - 4*y**2 + y + 3. Let a be g(-4). Let q(b) = a*h(b) - l(b). Determine q(5).
-2
Let y(u) = 2*u**2 - 3*u. Suppose 11*b - 2 - 42 = 0. Give y(b).
20
Suppose 4*v - 3*m = 3*v + 4, 6 = 3*v - 3*m. Let o(h) = h**3 + h**2 + h + 1. Let g(q) = -q**2 - q - 3. Let z(c) = v*g(c) + 2*o(c). Give z(1).
3
Let h(m) = m**2 + 4*m. Suppose -5*q - 8 - 17 = 0. Let i be h(q). Let v(g) be the first derivative of -g**3/3 + 3*g**2 - 2*g - 3. Determine v(i).
3
Suppose 26*v = 21*v + 20. Let l(a) = -59*a**2 + 67*a**2 + 3 - v. Calculate l(1).
7
Suppose 5*m + 5*z + 15 = 0, -2*m - z + 33 = -7*m. Let s(n) = -5*n**2 - 2*n - 8. Let v(t) = 11*t**2 + 5*t + 16. Let q(x) = 13*s(x) + 6*v(x). What is q(m)?
4
Let i(a) = -5*a**2 + 1 - a + 4*a**2 + 2*a**2. Suppose 70 = -4*l - 3*l. Let f be (-5)/l*(0 - 0). Calculate i(f).
1
Let c(y) be the first derivative of -y**4/4 + 13*y**3/3 - 7*y**2 + 12*y + 518. Determine c(12).
-12
Let a(m) be the first derivative of -m + 1/3*m**3 + 1/2*m**2 - 1/4*m**4 + 2. Give a(1).
0
Let a(m) = 0*m**3 + 2*m + 3*m**2 - m**3 + 4 - 4*m. Let c(k) = k**3 + 11*k**2 + 19*k + 12. Let l be c(-9). Determine a(l).
-2
Suppose 4*g = 3 + 5. Suppose -g*r - 3 = -7. Let z(q) = q + 4*q**2 + 2*q**2 + 2*q**2 - r*q**2 - 1. What is z(1)?
6
Let b(n) = -n**2 - 11*n. Let w = 384 + -392. Determine b(w).
24
Let f(z) = -3 - 4*z - 3*z + 6*z - 1. Suppose 10*v = 5*v - 30. Let d be (v/(-4) - 2)*-12. What is f(d)?
-10
Let o(p) = p**2 - 2*p - 3. Let y(l) = 2*l + 16. Let t be y(-5). Suppose -q - t = -3*q. What is o(q)?
0
Let d(z) = -z**2 + 6*z - 1. Suppose 9*g = -328 + 355. What is d(g)?
8
Suppose 15*y = 11*y + 12. Let f(p) = 2*p - y - 6*p + 3*p + 3*p. Give f(-5).
-13
Let g(n) = 3*n - 2. Let v(l) = -1. Let o(t) = g(t) + 4*v(t). Calculate o(6).
12
Let r(x) be the second derivative of -x**4/12 - 5*x**3/6 + 3*x**2/2 + x. Let i be 7*(-4)/28*-5. Suppose 4*z = -i*j + 4*j - 14, -5*j = 3*z + 2. Give r(z).
7
Suppose 3*m - 8 = k - 0*k, 16 = 4*m. Let t be 0/(10 + -4) + k + -1. Let l(q) = q + 4. Give l(t).
7
Let w(l) = 4*l - 8. Let y(r) = r. Let z(u) = -w(u) - 3*y(u). What is z(6)?
-34
Let h(v) = -v + 3. Suppose 10 = -338*y + 343*y. Calculate h(y).
1
Let s(f) be the second derivative of -13*f**7/1260 + f**6/720 + 3*f**4/4 + f. Let w(g) be the third derivative of s(g). What is w(1)?
-25
Let q be (104/8)/39 + 4/6. Let j(h) = -17*h**2 - h + 1. Determine j(q).
-17
Let h(v) be the third derivative of v**4/12 - 3*v**3/2 - 10*v**2. Let q be 4*(-4)/40*5. Let y be (-1 - -7)*q/(-2). Determine h(y).
3
Let v(c) = -2*c + 2. Let w(l) = -10*l + 10. Let u(f) = 16*v(f) - 3*w(f). Let z(x) = 2*x + 42. Let i be z(13). Let s = i + -65. Give u(s).
-4
Let u(a) be the third derivative of -a**5/60 - 5*a**4/24 - 4*a**3/3 + 8*a**2 - 7*a. Calculate u(-5).
-8
Let v(f) = -f**2 + 9*f + 20. Let j be v(11). Let h be 4/(-6)*(-9)/j + 8. Let q(l) = l**2 - 6*l. Calculate q(h).
-5
Let l(n) = 9*n - 22. Let u be l(5). Suppose d - 8 = -2*s, 0 = 4*d - d + 5*s - u. Let t(f) = 4*f - 8. What is t(d)?
16
Let v(y) = -3*y - 6. Suppose -3*w = -22 - 14. Let f = w - 17. Determine v(f).
9
Let w(d) be the second derivative of 8*d**3/3 - 5*d**2 + 2*d. Let n be w(1). Let p(o) = -o**2 + 6*o + 2. Determine p(n).
2
Let f(h) be the second derivative of -h**3/2 - 3*h**2/2 - 168*h. Determine f(-4).
9
Let k(q) be the first derivative of 2 - 1/2*q**2 - q. Give k(-4).
3
Let b(r) = -22 - 5*r**2 + 26 + r - 5*r**3 + 0*r**3 + 4*r**3. Let u(w) = -w - 1. Let d(q) = -b(q) - 2*u(q). Determine d(-5).
-7
Let l(v) = -7*v + 1. Let m(b) = -1 + 2 + 201*b - 207*b. Let a(p) = -2*l(p) + 3*m(p). Give a(-1).
5
Let z(j) = -7*j**2 + j + 35. Let u(t) = t**2 - 3*t. Let p(w) = -6*u(w) - z(w). Calculate p(-19).
3
Suppose 5*r + 15 = -5*x, x + 3*r + 4 = -9. Suppose -15 = -3*g - 2*g. Let f(k) = -39 + 6*k + 2*k**2 + x*k**3 + 33 - g*k**3. What is f(4)?
-14
Let p = 6 - 5. Let l(o) = o**3 - o - p + 1 - 2 + 0 - 3*o**2. Let n be 0 - (3*-2 - -3). Determine l(n).
-5
Let f be ((-3)/3)/1*-10. Suppose 0 - f = 2*a. Let m(q) be the third derivative of q**6/120 + q**5/10 + q**4/6 + q**3 + 9*q**2. Calculate m(a).
11
Let d(x) = 7. Let a(g) = -5*g - 38. Let b(m) = a(m) + 3*d(m). What is b(-7)?
18
Let x(r) be the second derivative of r**6/120 - r**5/12 - 5*r**4/12 + 3*r**3/2 - 9*r**2/2 + 37*r. Let f(h) be the first derivative of x(h). What is f(6)?
-15
Let s(x) = -x**3 - 7*x**2 - 7*x - 1. Suppose -8*l - 2 = -34. Suppose l*u - v + 16 = 3*v, v = -4*u - 21. Determine s(u).
-16
Let l(i) = i**2 + 11*i + 14. Let d be l(-10). Suppose a = -0*a + 5*v + 30, -10 = -d*a - 2*v. Let o(g) = -2*g + 6. Determine o(a).
-4
Let y(w) = -3*w**3 + 13*w**2 - 3*w + 7. Let m(c) = -7*c**3 + 26*c**2 - 7*c + 12. Let i(a) = -4*m(a) + 9*y(a). Determine i(-13).
2
Suppose -2*x = 3*x - 25. Let c(m) = -m**3 + 4*m**2 + 4*m + 5. Let k be c(x). Let g(i) = -i**2 - i + 1. Give g(k).
1
Suppose 5*o + 8 + 2 = 0. Let q = o - -7. Let d(f) = 1 - 4*f + 5*f - 4*f + 4. Give d(q).
-10
Let z = 1218 + -1225. Let c(g) = g**2 + 6*g. Give c(z).
7
Let d(i) = -3*i - 2*i - 5*i + 9*i - 3. Give d(-7).
4
Let s(w) = w - 9. Suppose -15*l - 22 = -142. Give s(l).
-1
Let h(b) = -b**3 - 3*b**2 - b. Let x = -135 + 133. Calculate h(x).
-2
Let b(k) be the first derivative of -k**3/3 + 11*k**2/2 - 8*k - 33. Calculate b(7).
20
Let a(g) be the first derivative of 19*g**4/4 - g**3/3 + g + 103. Give a(-1).
-19
Let y(h) = h**2 + 1. Let u = 196 - 194. Let g be y(u). Let o(b) be the second derivative of b**4/12 - 7*b**3/6 + 7*b**2/2 + b. What is o(g)?
-3
Let y(f) = -5*f - 5. Let x(w) = -2*w - 2. Let a(l) = 8*x(l) - 3*y(l). Suppose 7*h - 2*h = -200. Let g = 44 + h. What is a(g)?
-5
Suppose -4*r + 3*r + 6 = 0. Suppose 0 = -r*z + 5*z - 2. Let g(w) = -23*w**2 - 10. Let a(j) = 25*j**2 + 11. Let s(l) = -12*a(l) - 13*g(l). What is s(z)?
-6
Suppose -3*w - 3 = -2*w. Let h(n) be the first derivative of -n + 1/3*n**3 + 3 + 2*n**2. What is h(w)?
-4
Let j be 8/(-28) + (-6)/(-21). Let c be 3 - j - (-2 